posite number?
False
Is 2333 a composite number?
False
Is 21133 a composite number?
True
Is 875317 a composite number?
False
Is 4535 prime?
False
Is 644291 a composite number?
False
Is 21557 a composite number?
False
Is 2636015 composite?
True
Is 7597 a prime number?
False
Is 4751 a prime number?
True
Is 107941 prime?
True
Is 2609 composite?
False
Is 7753 composite?
False
Is 85679 a composite number?
True
Is 276009 a prime number?
False
Is 28973 composite?
True
Is 9413 prime?
True
Is 22465 composite?
True
Is 77317 prime?
True
Is 265381 a composite number?
False
Is 25777 a prime number?
False
Is 30367 a prime number?
True
Is 1889957 a prime number?
True
Is 23267 a prime number?
False
Is 63211 a prime number?
True
Is 519817 a composite number?
False
Is 19 a composite number?
False
Is 150767 composite?
False
Is 409 a prime number?
True
Is 7803673 prime?
True
Is 15577 prime?
False
Is 50969 a composite number?
False
Is 593321 composite?
False
Is 610271 a composite number?
False
Is 125653 a prime number?
False
Is 4783 prime?
True
Is 1211 composite?
True
Is 43843 a composite number?
True
Is 855557 a composite number?
True
Is 7621 a prime number?
True
Is 30953 a prime number?
False
Is 1783 composite?
False
Is 22267 prime?
False
Is 1367 a prime number?
True
Is 130145 a composite number?
True
Is 185 composite?
True
Is 16823 a composite number?
False
Is 9193 a composite number?
True
Is 9586 a composite number?
True
Is 166123 composite?
True
Is 4443 prime?
False
Is 1751513 prime?
False
Is 512621 prime?
True
Is 4245733 prime?
False
Is 171283 composite?
True
Is 18301 prime?
True
Is 10307 a composite number?
True
Is 114259 composite?
False
Is 15053 prime?
True
Is 131041 a prime number?
True
Is 144659 a composite number?
False
Is 111301 composite?
False
Is 136777 a prime number?
True
Is 4349 prime?
True
Is 7195 a prime number?
False
Is 155437 a prime number?
False
Is 136943 a prime number?
True
Is 2311433 composite?
True
Is 589223 a prime number?
False
Is 726913 prime?
False
Is 342647 prime?
True
Is 10589 a composite number?
False
Is 5507 a composite number?
False
Is 11337 composite?
True
Is 307 a prime number?
True
Is 2161 a prime number?
True
Is 14953 composite?
True
Is 228221 a composite number?
True
Is 403369 a prime number?
True
Is 715889 composite?
False
Is 280241 a composite number?
True
Is 4643 composite?
False
Is 297335 composite?
True
Is 12359 a prime number?
False
Is 26327 a prime number?
False
Is 232529 composite?
True
Is 10559 composite?
False
Is 14923 a composite number?
False
Is 47051 prime?
True
Is 167833 a prime number?
False
Is 79133 composite?
False
Is 10369 prime?
True
Is 11113 composite?
False
Is 663127 prime?
True
Is 5359 composite?
True
Is 435377 a composite number?
True
Is 2342 prime?
False
Is 47491 composite?
False
Is 483699 prime?
False
Is 1073 composite?
True
Is 1111 a composite number?
True
Is 19571 prime?
True
Is 691 prime?
True
Is 17707 prime?
True
Is 4847 a composite number?
True
Is 60209 a prime number?
True
Is 63241 a prime number?
True
Is 2222245 composite?
True
Is 19571 prime?
True
Is 1241863 prime?
False
Is 10553 prime?
False
Is 1777 a prime number?
True
Is 98313 composite?
True
Is 3299 a composite number?
False
Is 39703 composite?
False
Is 60751 a composite number?
True
Is 413417 a composite number?
False
Is 34337 composite?
False
Is 44353 a prime number?
False
Is 23965 composite?
True
Is 11399 prime?
True
Is 2178983 composite?
False
Is 183107 a prime number?
False
Is 12295 a composite number?
True
Is 181711 prime?
True
Is 99751 a prime number?
False
Is 216451 a composite number?
False
Is 608791 a prime number?
False
Is 31795 a prime number?
False
Is 55343 composite?
False
Is 304967 a composite number?
True
Is 11801 a composite number?
False
Is 3793 a composite number?
False
Is 57347 a composite number?
False
Is 521821 composite?
True
Is 86321 a prime number?
False
Is 721 composite?
True
Is 11239 composite?
False
Is 680531 composite?
False
Is 52251 prime?
False
Is 271486 prime?
False
Is 626101 composite?
True
Is 40465 prime?
False
Is 6599 composite?
False
Is 406211 prime?
False
Is 59 composite?
False
Is 24207 a prime number?
False
Is 28019 a prime number?
True
Is 67883 a composite number?
False
Is 209069 a prime number?
False
Is 11593 composite?
False
Is 2574391 composite?
False
Is 273433 composite?
False
Is 38111 a prime number?
False
Is 1381229 a prime number?
True
Is 21179 a composite number?
False
Is 18611 a prime number?
False
Is 54203 prime?
False
Is 328883 composite?
False
Is 61949 prime?
True
Is 520607 a composite number?
False
Is 462563 prime?
False
Is 112967 prime?
True
Is 4099443 a prime number?
False
Is 995081 composite?
False
Is 20789 prime?
True
Is 34863 a prime number?
False
Is 171401 a prime number?
True
Is 2178149 prime?
True
Is 11801 composite?
False
Is 31497 prime?
False
Is 90291 prime?
False
Is 16057 prime?
True
Is 160414 prime?
False
Is 71507 a prime number?
False
Is 278555 prime?
False
Is 407833 a prime number?
True
Is 40193 a prime number?
True
Is 307969 a prime number?
True
Is 4267 composite?
True
Is 10454 a prime number?
False
Is 199583 a composite number?
False
Is 13147 composite?
False
Is 3614669 a composite number?
False
Is 447 a composite number?
True
Is 1949 composite?
False
Is 37951 composite?
False
Is 22051 prime?
True
Is 64129 prime?
False
Is 23105 a prime number?
False
Is 563183 composite?
False
Is 37273 a prime number?
True
Is 9239 composite?
False
Is 623391 prime?
False
Is 965087 composite?
False
Is 932893 composite?
True
Is 29089 a composite number?
True
Is 8179 prime?
True
Is 93683 prime?
True
Is 3205 prime?
False
Is 3847 composite?
False
Is 4321 prime?
False
Is 234713 a prime number?
True
Is 28327 composite?
True
Is 25667 prime?
True
Is 173429 a composite number?
False
Is 183423 a composite number?
True
Is 34577 a prime number?
False
Is 7861 a prime number?
False
Is 131299 prime?
False
Is 134395 a prime number?
False
Is 561997 a composite number?
False
Is 219671 a composite number?
True
Is 2435 a prime number?
False
Is 101189 prime?
False
Is 10361 a composite number?
True
Is 57979 a composite number?
True
Is 941 a prime number?
True
Is 3413 composite?
False
Is 228849 a prime number?
False
Is 253081 composite?
False
Is 12739 a prime number?
True
Is 2116045 composite?
True
Is 31177 a prime number?
True
Is 15859 a prime number?
True
Is 993179 composite?
True
Is 31469 a composite number?
False
Is 59518 a composite number?
True
Is 733321 a composite number?
False
Is 9194 prime?
False
Is 5789 a composite number?
True
Is 5941 a prime number?
False
Is 102379 prime?
False
Is 2633 a prime number?
True
Is 78503 a composite number?
True
Is 318863 a prime number?
True
Is 1262 a prime number?
False
Is 552845 prime?
False
Is 672377 a composite number?
False
Is 733097 prime?
True
Is 179381 prime?
True
Is 54973 a composite number?
False
Is 83497 a composite number?
False
Is 18827 a composite number?
True
Is 5565445 prime?
False
Is 20369 prime?
True
Is 4249 composite?
True
Is 53591 a prime number?
True
Is 1041 a composite number?
True
Is 10817 prime?
False
Is 8539 a prime number?
True
Is 51257 prime?
True
Is 5403 a prime number?
False
Is 34499 prime?
True
Is 512497 a prime number?
True
Is 115054 prime?
False
Is 6709 prime?
True
Is 387553 composite?
True
Is 213205 prime?
False
Is 648493 composite?
True
Is 66793 prime?
False
Is 118163 composite?
False
Is 275511 a prime number?
False
Is 18731 prime?
True
Is 62851 a composite number?
False
Is 715741 composite?
True
Is 146719 a prime number?
True
Is 3817 a prime number?
False
Is 1847 a composite number?
False
Is 1593149 a prime number?
True
Is 1427063 prime?
False
Is 21323 a composite number?
False
Is 8603 a composite number?
True
Is 163617 a composite number?
True
Is 448451 prime?
True
Is 553463 composite?
False
Is 42793 prime?
True
Is 12791 a prime number?
True
Is 12661 composite?
True
Is 10367 prime?
False
Is 478727 composite?
False
Is 6247 composite?
False
Is 1657 composite?
False
Is 123 a composite number?
True
Is 287789 prime?
True
Is 4373 a composite number?
False
Is 49643 prime?
False
Is 174679 composite?
False
Is 20879 a prime number?
True
Is 697 a prime number?
False
Is 1677829 prime?
False
Is 809971 composite?
True
Is 887 a prime number?
Tru